8 - u**3/2 + 2*u**2 + 65*u. Determine c(-9).
-3
Let l(r) be the second derivative of -r**3/6 + 2*r**2 - 3*r. Let m = 15 + -11. Suppose -4*p = -4*y - 20, -5*p - 15 = m*y - y. Give l(p).
4
Let z(r) be the second derivative of -r**4/12 + 4*r**3/3 - 2*r**2 + r. Let v = 91 + -89. Let k be v/(-11) - 340/(-55). Calculate z(k).
8
Suppose -3*m - 5*j + 29 = -m, 2*m - 3*j + 11 = 0. Let z(l) = -3 - 878*l + 3 + l**2 + 875*l. Calculate z(m).
-2
Let i(g) be the third derivative of -g**8/20160 - g**7/5040 + g**6/720 + 19*g**5/60 + 11*g**2. Let u(q) be the third derivative of i(q). What is u(-2)?
-1
Let m(y) be the second derivative of -3*y - 5/12*y**4 - 1/6*y**3 + 1/20*y**5 - 8 - y**2. Give m(5).
-7
Let z(m) be the second derivative of 1/3*m**3 + 0 + 4*m + 3/2*m**2. Suppose 3*g + 25 = -2*g. Give z(g).
-7
Suppose -6 = -u - 4*p - 2, -2*u + 3*p = -30. Let k(h) = h + 9 - 9 + u. Let x = 16 - 21. Give k(x).
7
Let w(n) = -n**3 - 2*n**2 + 3*n + 2. Let g = 98 - 101. Give w(g).
2
Let v(y) = -27*y**2 + y. Let m = -665 - -664. Calculate v(m).
-28
Suppose 2*x + 2*b = 0, 2*x + 6*b - 3*b = -2. Let a(r) = 50*r**2 - 49*r**x + 5*r - r - 1. What is a(3)?
20
Let k(l) = 24*l - 1845 + 921 + 926. Calculate k(1).
26
Let q(v) = -v**2 - 8*v - 9. Let i(f) be the first derivative of -f**2 + f + 34. Let m be i(4). Give q(m).
-2
Let y(w) = -w**2 - 16*w + 19. Let k be y(-10). Let b(d) = -40*d**2 + k*d**2 + 10 + 8*d - 38*d**2. What is b(-7)?
3
Let f(x) = -x**2 - x + 2. Let w(m) = -108*m**2 + 106*m**2 - 9 - 4 - 19*m. Let q be w(-9). Calculate f(q).
-10
Suppose -3*j + 17 = -4. Suppose b = j - 2. Let g(p) = 5*p**2 + 7*p - 10. Let q(o) = -o**2 + 1. Let w(z) = g(z) + 6*q(z). Calculate w(b).
6
Let p be 3/(45/12*-1 + 3). Let s(k) = -k**3 - 5*k**2 - 6*k - 6. Calculate s(p).
2
Let g(j) be the first derivative of 16 + 2*j + 3/2*j**2. Give g(-7).
-19
Let w(p) = -7*p + 7. Let o(t) = 14*t - 13. Let i(s) = 4*o(s) + 7*w(s). Suppose -5*v + 20 = 0, -3*v + 1 + 1 = -5*y. What is i(y)?
11
Let q(f) = 3*f + 1. Let t(j) = 3*j - 1. Let x(w) = -q(w) - 2*t(w). Calculate x(1).
-8
Let r(z) be the first derivative of z**2/2 - 3*z - 2. Suppose -7*g = -3*g - 156. Let b = g + -34. What is r(b)?
2
Let t be (17 + (-884)/51)/(2/30). Let f(l) = -4*l + 9. Let s(w) = w - 1. Let o(z) = -f(z) - 5*s(z). Calculate o(t).
1
Let r(s) = 7*s + 3 - 4*s + 3*s. Let x be 1*-5 - (3 + -5). Determine r(x).
-15
Let r(y) = 2*y**2 + y - 4. Suppose 0 = -824*z + 827*z + 9. What is r(z)?
11
Let d(o) = o**3 + 3*o**2 + 3*o + 5. Let r be d(-2). Suppose 2*c - 5 = r. Let y(l) = -3*l + l**2 + l + 0*l**2 - 4. Give y(c).
4
Let o(u) = -u**2 - 5*u + 2. Suppose -4*j - 3*i = -5*j - 16, 2*i - 9 = -j. Let v = j + -4. Give o(v).
2
Let d(c) = 3*c**3 - 12*c**2 + 9*c - 5. Let s(l) = 5*l**3 + 0*l**2 - 6*l**3 - l**2 - 1 + 2*l**3. Let i(n) = d(n) - 4*s(n). What is i(-9)?
-1
Let i(v) = v - 2. Suppose j - 2*w = -0*j - 4, j = 3*w. Let a be 6/j + 10/4. Suppose -21 = a*d + 5*t, 3*t - t = -2*d - 12. What is i(d)?
-5
Let h(d) be the third derivative of 1/24*d**4 + 0 + d**3 + d**2 + 1/12*d**5 + 1/120*d**6 + 0*d. Give h(-5).
1
Let v(r) = 4*r**2 + r + 2. Let c be v(6). Let p = 199 + -227. Let q be 8/(-14) + c/p. Let y(w) = -w - 8. Determine y(q).
-2
Let r(g) = g**3 + 9*g**2 - 7*g + 11. Let b(c) = 2*c**3 + 19*c**2 - 14*c + 21. Let q(f) = 2*b(f) - 5*r(f). Give q(-8).
-5
Let s(i) be the first derivative of i**5/60 + 7*i**4/24 - i**3/3 - 7*i**2/2 + 9. Let u(k) be the second derivative of s(k). What is u(-7)?
-2
Suppose -3*i = -j - 2, 0 = 3*i + 4*j + 12 - 34. Suppose 12*a - i = 10*a. Let x(p) = -5*p - 1. Determine x(a).
-6
Suppose -5 + 3 = -y. Let k(g) = y*g**2 - 59 + 53 - 3*g**2 + 9*g. What is k(7)?
8
Let d(n) = 37*n**2 + n + 49. Let h(r) = -17*r**2 - r - 24. Let o(w) = 6*d(w) + 13*h(w). Calculate o(9).
0
Suppose -b - s = -4, b = 4*b - 4*s + 2. Let a(u) be the first derivative of -3*u**b - 7 + 3*u + u + 4*u**2 + 0*u**2. What is a(-3)?
-2
Let v be 33/(3/(-3 + 0)). Let l = 58 + v. Let f(d) = 16*d + 4*d**2 - d**2 + 12*d - l*d + d**3. Determine f(-3).
-9
Let t(u) = -4*u + 5. Let a(b) = -b**3 - 6*b**2 + 7*b - 5. Let z be a(-7). Let x be 1 - (z + (-9)/(-3)). Suppose -w + 11 = -3*h, 0*h + 16 = 2*w - x*h. Give t(w).
-15
Let l(s) be the third derivative of -s**6/120 - 2*s**5/15 + s**3/6 + 11*s**2. Give l(-8).
1
Suppose -195 = 5*j + 5*b, -b + 51 = -2*j - 18. Let g = 18 + 17. Let y = g + j. Let w(d) = 20*d**2 - 1. Determine w(y).
19
Let f be 2/(-4)*8*-1. Suppose 0 = 6*k - f*k - 14. Let p(v) = -v**3 + 8*v**2 - 8*v + 4. Give p(k).
-3
Let t(r) = -4*r**2 + r + 7. Let h be t(5). Let s be h/14 - 4/(-14). Let u(c) = -c**3 - 7*c**2 - 6*c - 1. Give u(s).
-1
Let n(d) = 2*d**3 + 4*d**2 + 3. Let t(a) = 4*a**3 + 9*a**2 + 7. Let b(c) = 5*n(c) - 2*t(c). Let y be (-10)/8*(1 - 5). Suppose -6*w = -y*w + 2. Give b(w).
-7
Let k(w) = 3*w + 79*w**2 - 75*w**2 + 2*w - 3*w + 3*w**3. Calculate k(-2).
-12
Suppose 4*l = 5*y - 85, -5*l = 4*y - 19 - 90. Let q(a) = 1 - 2*a - y*a**2 - a + 6*a - 2*a. What is q(-1)?
-21
Let h(y) = -8*y**2 + y - 23. Let u(g) = -3*g**2 - 8. Let c(t) = 4*h(t) - 11*u(t). Suppose 66 - 70 = o. Calculate c(o).
-4
Let v(q) = -56*q - 70. Let c be v(-1). Let t(a) = -a**2 - 14*a - 5. Calculate t(c).
-5
Let p(f) = f. Suppose -2*h = 0, -y - 5*h + 4 = y. Suppose 4 = 2*k + y*k. Give p(k).
1
Let g(h) = -h**2 - 8*h - 13. Let x(y) = -y**2 - 9*y - 16. Let d(j) = 6*g(j) - 5*x(j). Let k(f) = -f - 9. Let z be k(-5). Give d(z).
-2
Suppose 0 = 2*x + 36 - 40. Let s(y) be the second derivative of -1/2*y**x + 2*y + 0 - 7/6*y**3. Calculate s(-1).
6
Let r be (-2)/11 + (-62)/22. Let w(q) = 3*q - 18002*q**2 + 0*q + 1 + 1 + q**3 + 18005*q**2. What is w(r)?
-7
Let t(a) = -14*a**2 - 18*a - 52. Let f(r) = -5*r**2 - 6*r - 18. Let u(o) = 11*f(o) - 4*t(o). Calculate u(-4).
2
Suppose -c = -0*c + l - 2, 0 = -5*l - 5. Suppose 0 = -c*t + 2 - 11. Let m(v) be the third derivative of -5*v**4/24 - v**3/6 - v**2. Determine m(t).
14
Let i(t) = 4*t**2 - 2*t - 1. Let b be (140/(-12) + 12)*(4 + -1). What is i(b)?
1
Let k(r) be the third derivative of 1/60*r**5 + 0 + 3/2*r**3 + 10*r**2 + 0*r - 11/24*r**4. Give k(6).
-21
Let v be -5 - (-1)/(3/33). Suppose 2 = 2*a - v. Let o(i) = -i**2 + 3*i + 5. What is o(a)?
1
Let v(i) be the second derivative of -i**4/6 - 3*i**3/2 - 2*i**2 + i + 169. Calculate v(-6).
-22
Let i(w) = -7*w + 23*w**3 + 20*w**3 - 68*w**3 - 7*w**2 + 26*w**3 + 11. Determine i(8).
19
Let q(d) be the third derivative of d**8/20160 + d**7/1008 + d**6/240 - 7*d**5/60 - 2*d**2. Let f(j) be the third derivative of q(j). Give f(-2).
-3
Suppose -3*b + 2*r = 3, 0 = -b + 6*r - 8*r - 9. Let k(m) = m**3 + m**2 - 2*m + 7. Let u(p) = p**3 + p**2 - 2*p + 6. Let n(h) = -3*k(h) + 4*u(h). Determine n(b).
-9
Let i(h) = -7*h**3 - 6*h**2 - 4*h - 8. Let s(w) = -6*w**3 - 5*w**2 - 4*w - 7. Let j = -3 - 2. Let y(b) = j*s(b) + 4*i(b). Give y(-2).
-17
Let y(s) = 8*s + 9*s - 10*s - 7 + 9. What is y(-4)?
-26
Let k = -94 + 91. Let n(u) be the second derivative of -u**4/12 - u**3/3 + u**2 + u. Let w(q) be the first derivative of n(q). Give w(k).
4
Let z(c) = 6*c**3 + c**2 - c. Let h = 23 + -13. Suppose a + r = 3, -5*a - 2*r = 1 - h. Determine z(a).
6
Let f(i) = 5*i**3 - 2*i**2 - 3*i - 2. Let a(b) = 2*b**2 - 12*b + 15. Let s be a(2). Calculate f(s).
-6
Suppose 0 = -3*g - g - 8. Let b(w) = w**2 - w - 1. Let j(o) be the first derivative of -o**3/3 - o**2/2 - o + 4. Let d(m) = -b(m) - 2*j(m). Calculate d(g).
1
Let a = -26 + 26. Let k(v) = -7*v**2 - 7*v + 17. Let u(b) = -13*b**2 - 13*b + 34. Let g(t) = 11*k(t) - 6*u(t). What is g(a)?
-17
Let u(r) = r**2 + r - 7. Let k be -10 + (-8 + 3)/(-1). Determine u(k).
13
Let f(x) be the third derivative of -x**6/120 - x**5/10 + x**4/24 + 2*x**3/3 + 16*x**2. Suppose 0 = -p - 4*y - 14, 5*p - p + 4*y = -32. Give f(p).
-2
Let q(p) be the third derivative of -1/12*p**4 - 1/60*p**5 + 0*p + 0 + 7/6*p**3 + p**2. Suppose 26 = -5*k + 4*b - 3, -17 = 3*k - 2*b. Give q(k).
-8
Let q(x) = -x**3 + 6*x**2 - 5. Let t = -57 - -80. Suppose -i + t = -0*i. Let s = i + -17. Give q(s).
-5
Let r(w) = 7*w + 32. Let q(k) = k + 5. Let y(j) = -5*q(j) + r(j). Give y(5).
17
Let m(c) be the second derivative of c**6/120 + c**5/15 - c**4/24 - c**3/3 - c**2/2 - 8*c. Let h(g) be the first derivative of m(g). Determine h(-4).
2
Let c(f) be the third derivative 